 the highest common divisor of 50958 and 18.
18
What is the highest common factor of 122795841 and 1197?
399
What is the greatest common divisor of 51536 and 13267299?
3221
Calculate the greatest common factor of 988692 and 16638.
282
What is the highest common divisor of 67320 and 267580?
340
Calculate the greatest common divisor of 1491 and 662697.
21
What is the highest common divisor of 589101 and 7344?
51
Calculate the greatest common factor of 60345987 and 2637.
879
What is the greatest common factor of 1498785892 and 2356?
2356
Calculate the highest common factor of 177200 and 19840.
80
Calculate the highest common factor of 796258635 and 30.
15
Calculate the greatest common divisor of 6664 and 1141652.
68
Calculate the greatest common divisor of 6 and 58383708.
6
What is the highest common divisor of 159252 and 41400?
276
What is the greatest common divisor of 2356 and 348384?
76
Calculate the highest common divisor of 230119 and 51921.
641
What is the greatest common factor of 498762 and 4037?
11
Calculate the highest common factor of 12936 and 1053255.
147
What is the greatest common factor of 34010054 and 2093?
299
Calculate the greatest common divisor of 1053108 and 864.
108
Calculate the highest common factor of 7057719 and 387.
387
What is the greatest common factor of 13407 and 15248228?
4469
What is the greatest common factor of 72 and 239627376?
72
What is the greatest common factor of 17305829 and 9?
1
Calculate the greatest common divisor of 40922 and 406112.
518
What is the greatest common divisor of 41265 and 156894115?
4585
Calculate the highest common factor of 3208861 and 2847.
73
Calculate the highest common divisor of 694883 and 25228.
371
What is the greatest common factor of 123694 and 419842?
46
What is the highest common divisor of 3942 and 36794628?
3942
What is the greatest common factor of 28645 and 1761285?
85
What is the highest common factor of 184237647 and 44?
11
What is the highest common factor of 285558129 and 2754?
1377
What is the greatest common factor of 2088 and 4869999?
261
What is the highest common divisor of 591693310 and 260?
130
Calculate the highest common factor of 4199 and 2374373.
323
What is the highest common factor of 129257324 and 34?
34
Calculate the highest common divisor of 3953060 and 128185.
4135
What is the highest common divisor of 76510 and 9910?
10
What is the greatest common factor of 6633237 and 153103?
283
What is the highest common factor of 187802589 and 26?
13
Calculate the highest common divisor of 2167 and 509949.
11
What is the highest common factor of 39113730 and 90?
90
Calculate the greatest common divisor of 61415895 and 30.
15
What is the highest common factor of 2603 and 1805797?
137
What is the highest common factor of 212956 and 124?
4
Calculate the greatest common divisor of 313 and 15791789.
313
Calculate the greatest common factor of 226 and 249278.
226
What is the highest common factor of 245 and 18966115?
35
What is the highest common divisor of 217984 and 9432?
1048
Calculate the highest common divisor of 149400 and 61254.
1494
Calculate the highest common divisor of 51111 and 11826.
81
What is the greatest common divisor of 518 and 363734?
14
What is the highest common factor of 3771 and 25397685?
3771
Calculate the highest common factor of 440 and 18098520.
440
Calculate the greatest common factor of 433053928 and 13089.
4363
What is the greatest common divisor of 7 and 95731?
1
What is the highest common factor of 341 and 6522493?
31
What is the greatest common divisor of 4282 and 1235127913?
2141
Calculate the highest common factor of 25 and 243215550.
25
Calculate the highest common divisor of 504 and 9580338.
18
What is the highest common divisor of 204929 and 10729352?
2029
What is the greatest common divisor of 29911133 and 2849?
259
What is the greatest common factor of 104 and 30718298?
26
What is the greatest common factor of 1114509 and 34419?
33
What is the highest common divisor of 10395178 and 47?
47
What is the greatest common divisor of 3350889 and 13284?
3321
What is the highest common factor of 8664249 and 396?
33
Calculate the greatest common divisor of 5734528 and 217064.
5048
What is the greatest common factor of 50217672 and 264?
24
What is the greatest common divisor of 8275998 and 184?
46
Calculate the greatest common factor of 6092996 and 1596.
532
What is the highest common divisor of 5170988 and 835?
167
What is the greatest common factor of 686 and 1874033?
7
What is the highest common factor of 40386552 and 372?
372
Calculate the greatest common divisor of 744186 and 57.
3
Calculate the highest common divisor of 49582708 and 142.
142
What is the highest common factor of 15490722 and 104?
26
Calculate the greatest common divisor of 29 and 1052252153.
29
Calculate the highest common divisor of 930 and 14117958.
186
What is the highest common divisor of 128 and 2215093824?
64
What is the highest common factor of 182 and 440206?
26
Calculate the highest common divisor of 100485 and 51971535.
3465
What is the highest common divisor of 62334 and 131574?
6
What is the greatest common divisor of 76442604 and 224?
28
Calculate the greatest common factor of 128 and 710176.
32
Calculate the highest common divisor of 343 and 4427927.
7
What is the greatest common divisor of 17037 and 571239?
27
Calculate the greatest common divisor of 134724 and 2039826.
654
What is the highest common divisor of 110859156 and 1289?
1289
Calculate the highest common factor of 736 and 876208.
368
What is the highest common divisor of 10219358 and 451070?
2098
What is the greatest common divisor of 326360872 and 6816?
568
What is the highest common factor of 1562 and 29070098?
142
What is the greatest common factor of 5705365806 and 14?
14
What is the highest common factor of 17 and 1268039?
1
Calculate the highest common factor of 160 and 19376680.
40
What is the highest common divisor of 815899035 and 10?
5
Calculate the highest common factor of 10481832 and 56.
8
Calculate the greatest common factor of 330078515 and 26.
13
What is the greatest common factor of 31224729 and 771?
771
What is the highest common divisor of 522 and 494286788?
58
What is the highest common divisor of 76 and 43127492?
76
Calculate the highest common factor of 181577879 and 23079.
7693
What is the highest common divisor of 37718473 and 377?
377
Calculate the greatest common factor of 23749 and 1174496.
2159
What is the highest common divisor of 48 and 2854626?
6
Calculate the greatest common divisor of 43206984 and 8352.
2088
What is the highest common factor of 19728 and 891952?
16
Calculate the highest common divisor of 176 and 18324208.
16
What is the greatest common divisor of 525770 and 32560?
370
Calculate the highest common divisor of 10327648 and 8576.
2144
What is the greatest common factor of 1670 and 10664954?
334
Calculate the greatest common divisor of 67260684 and 456.
228
Calculate the greatest common factor of 16 and 860543048.
8
What is the highest common divisor of 1273941100 and 20?
20
What is the greatest common factor of 463866 and 142272?
1482
Calculate the greatest common factor of 639 and 23276782.
71
What is the highest common factor of 9 and 815610?
3
Calculate the greatest common divisor of 769500 and 361908.
324
What is the greatest common divisor of 1121 and 1301009?
59
Calculate the greatest common factor of 661527620 and 780.
260
Calculate the highest common divisor of 4065 and 13283065.
1355
What is the greatest common divisor of 80 and 5641008?
16
What is the greatest common factor of 6845 and 1670?
5
Calculate the greatest common divisor of 87631068 and 996.
996
What is the greatest common factor of 4643146 and 24016?
158
What is the highest common divisor of 19 and 4904356931?
19
Calculate the highest common divisor of 1448795102 and 31422.
10474
What is the greatest common factor of 13072 and 8414240?
688
Calculate the greatest common divisor of 4679400 and 2400.
600
Calculate the highest common factor of 9238908 and 1308.
12
What is the highest common divisor of 392751 and 2010573?
2601
What is the highest common divisor of 88 and 202885331?
11
Calculate the greatest common factor of 50 and 449630.
10
What is the greatest common diviso